 the highest common factor of m and i?
3
Let p = 25 + -7. Let d be ((-34)/51)/((-4)/114). Let m = 25 - d. Calculate the greatest common factor of p and m.
6
Suppose 5*d + 2*m - 282 = -73, 2*m - 80 = -2*d. What is the greatest common divisor of 1505 and d?
43
Let j(p) = p**2 + 9*p - 13. Let s be j(0). Let n be 66/(-429) + (-1302)/s. What is the highest common factor of n and 20?
20
Let h(u) = u**2 + 5*u - 4. Let y be h(-6). Suppose -5*q + 49 = 4*o, -y*o + 3*o - 4*q = 7. Let v = -119 - -218. Calculate the greatest common divisor of o and v.
11
Let z(r) = -260*r - 264. Let s be z(-5). Calculate the highest common divisor of 222 and s.
74
Suppose 2*h - 9 = 5*h, -5*h = -3*g + 327. Calculate the greatest common factor of g and 16.
8
Suppose -122 = -2*k - 382. Let h = 149 + k. Calculate the greatest common divisor of h and 19.
19
Suppose 4*i - 2*r = 70, 65 = 6*i - 3*i + r. Let a be 200/(-35) + 6 - 556/(-14). What is the greatest common factor of i and a?
20
Let b(z) be the second derivative of -z**3/6 - z**2/2 + z. Let k = -163 + 161. Let l be b(k). Calculate the highest common divisor of 11 and l.
1
Let m(g) = -g + 2. Let x = 7 - 16. Let p be m(x). What is the greatest common divisor of 11 and p?
11
Let x = -22 - -9. Let c = 6 - x. What is the greatest common factor of c and 152?
19
Suppose 42 = -3*t - 5*g + 2*g, -g = 4. Let c = -8 - t. Suppose 4*z + 2*j = -c*j + 56, -z + 2*j = -8. What is the greatest common factor of 8 and z?
4
Let u be (-40)/(-20) + 19 + -2. Calculate the greatest common divisor of 76 and u.
19
Let r be -3*((-125)/(-15))/(-5). Let d(v) = -v + 25. Let h be d(r). What is the highest common divisor of h and 140?
20
Suppose -2*s + 124 = x, -3*x + 5*s + 402 - 74 = 0. What is the greatest common divisor of x and 87?
29
Let a = 508 - 506. Let v(j) = -j**2 - 2*j - 1. Let f be v(-3). Let c be (-1)/(-4) + (-39)/f. What is the greatest common factor of c and a?
2
Let h(z) = -2*z**2 - 14*z - 4. Let v be h(-6). What is the highest common divisor of 96 and v?
8
Let h(p) = 4*p**3 + 16*p**2 - 34*p. Let b be h(3). What is the highest common factor of 48 and b?
6
Let v = -7 + -9. Let y = 53 + v. Suppose 5*m = y + 38. Calculate the greatest common factor of m and 15.
15
Let r(l) = -l**2 - 16*l - 13. Let x be r(-10). Let s = -34 + x. Let u = s - 11. Calculate the highest common factor of 2 and u.
2
Let w = 76 - 71. Suppose -3*u + 3*n = 3, -w*u + 4 = -2*n - 3. Calculate the greatest common factor of u and 3.
3
Let x = -252 + 738. Suppose 0 = -2*t - t + x. Suppose -5*w - 42 = -t. Calculate the greatest common divisor of 6 and w.
6
Suppose 0*a = -4*a + 16. Suppose 2*y + a*n = n, -3*y + 3*n + 15 = 0. What is the highest common divisor of 6 and y?
3
Let j(s) = s**3 - 14*s**2 - 3*s - 9. Let h be (15/(-12))/((-7)/84). Let g be j(h). Let o be 92/5 + (-30)/(-50). Calculate the highest common divisor of g and o.
19
Let n be 1/(7 - 192/28). What is the greatest common divisor of 2 and n?
1
Suppose 0 = 3*b - 332 - 538. Let k be 1 + (-189)/(-14) + 1/2. Suppose k - 44 = -s. Calculate the highest common factor of b and s.
29
Let b = -226 - -274. What is the highest common divisor of 272 and b?
16
Suppose -r - r + 60 = 0. Suppose 5*f - 10*f - 35 = 0. Let p = f + r. Calculate the highest common divisor of p and 115.
23
Suppose -266*i + 648 = -258*i. What is the greatest common factor of i and 144?
9
Let a be (-1)/4 + 34/8. Suppose d + 25*c - 29*c = 24, 6*c = d - 22. Calculate the greatest common factor of d and a.
4
Suppose 12 = 4*d + 4*c, 0 = -5*c - 1 + 6. Suppose 2*m - 125 = 3*o + 26, -d*m + 163 = o. What is the highest common divisor of 10 and m?
10
Let i be (-6)/(-1)*(-8)/(-12). Let k be (-17)/(-34)*(4 - (3 + -1)). Calculate the highest common divisor of i and k.
1
Let v(f) = -f**3 - 6*f**2 + 17*f - 2. Let n be v(-9). Let t = n - 85. What is the greatest common divisor of 6 and t?
3
Let u = 1 - 1. Let g = 29 + -11. Let m = g - u. What is the highest common factor of 18 and m?
18
Let h be (-1)/((-1039)/(-260) + (-20)/5). What is the greatest common factor of h and 195?
65
Let o(s) be the first derivative of -1/4*s**4 + 2 - s**3 + 7/2*s**2 + 6*s. Let z be o(-6). What is the greatest common factor of 48 and z?
24
Let w be 152*((-36)/(-24) - (-3)/(-6)). What is the highest common divisor of w and 16?
8
Suppose 2*m + 0*m = 8. Suppose 0 = 3*u - m*y - 23, -u + 5 = 5*y - 9*y. What is the greatest common factor of u and 27?
9
Let a = 23 - -65. Calculate the highest common divisor of a and 44.
44
Let t = -1250 - -1580. What is the greatest common factor of t and 120?
30
Suppose 5*p - 160 = 4*f + 232, -5*p = -2*f - 396. Suppose -c - 3*k = -20, 0*k - p = -4*c - 4*k. Calculate the highest common divisor of 40 and c.
20
Let u(a) = -2*a**3 - a**2 - a + 4. Let v be u(-3). Suppose 0 = -k + 52 + v. Suppose k = 3*b - 130. What is the greatest common factor of 13 and b?
13
Let g = 1243 - 1226. What is the greatest common divisor of g and 4?
1
Let j be (19 - -2)/(16/(-24) - -1). Calculate the highest common divisor of j and 252.
63
Suppose -255 = -2*f - f. Suppose 6*z - z = -3*s + 117, 2*s - 80 = -4*z. What is the highest common factor of f and s?
17
Suppose 0*d = 41*d - 10332. What is the highest common factor of 72 and d?
36
Let y = -48 - -110. Calculate the greatest common divisor of y and 124.
62
Let q(l) = -l**3 - 6*l**2 + 8*l + 33. Let b be q(-7). Calculate the highest common divisor of 1898 and b.
26
Suppose 4*a + 3*g = 2*a + 153, -3*a + 2*g = -236. Suppose -193*o + 194*o = 26. Calculate the highest common divisor of o and a.
26
Let l = 16 + -12. Let h be (2/l)/(22/484). Suppose -x + 5*z = -65, -z + 2*z + 57 = x. What is the greatest common factor of x and h?
11
Suppose 112 = 7*i - 0. Let r = -13 + 18. Suppose 5*z - 335 = 5*w, -z - 2*w - 262 = -r*z. What is the highest common factor of i and z?
16
Let r = -1230 + 1268. Calculate the greatest common factor of r and 19.
19
Let o = -35 - -104. Suppose -7*k + o + 29 = 0. What is the greatest common factor of k and 28?
14
Suppose 0 = -10*l + 15*l - 5*t - 1490, -3*l + 5*t = -902. Calculate the highest common divisor of 6 and l.
6
Let i(a) = a**3 + 14*a**2 + 14*a + 28. Let q be i(-13). Let u(r) = -9*r + 6. Let l be u(-6). Calculate the highest common factor of q and l.
15
Suppose 11*p - 1515 = 6*p + 3*g, -p - 3*g = -321. Calculate the greatest common factor of p and 12.
6
Suppose -5*m = 2*m - 28. Let k be (1/m)/(10/80). Calculate the highest common factor of k and 18.
2
Let b be (-1 + -1 - -3) + 1. Suppose 5*n = -b*p + 22, 4*n - 17 = -1. What is the highest common factor of 2 and p?
1
Let o(u) = 3*u - 40. Let g be o(16). Suppose g*h = 139 + 149. What is the greatest common factor of 18 and h?
18
Let g = 1957 + -1879. What is the greatest common factor of g and 2496?
78
Let r(j) = -5*j**3 - 4*j**2 - 4*j - 2. Let u be r(-2). Suppose 4*w - 510 + 210 = 0. What is the highest common divisor of w and u?
15
Let h(p) = p**2 - 24*p + 46. Let d(w) = -w**2 - 12*w - 10. Let y be d(-4). Let s be h(y). Calculate the highest common divisor of 24 and s.
2
Let c(b) = -b**3 - 22*b**2 - 60*b - 40. Let i be c(-19). Calculate the highest common divisor of i and 17.
17
Let a(n) = 2*n**2 - 27*n - 14. Let r be a(14). Suppose -5*d + 700 = -0*d - 4*v, r = -d - 5*v + 140. What is the greatest common divisor of 28 and d?
28
Let c(z) = -3*z**2 + 39*z + 24. Let u be c(13). Let s be (0 - (0 + -3)) + 117. Calculate the highest common factor of s and u.
24
Let g = 1321 + -1279. What is the highest common factor of 35 and g?
7
Suppose 0 = -17*s + 16*s + 55. What is the greatest common divisor of 88 and s?
11
Suppose -2*y - y = j - 228, -3*j + 4*y = -749. What is the greatest common factor of 135 and j?
27
Let r = 1356 + -1108. Calculate the highest common factor of 31 and r.
31
Suppose 2*l - 4*l + 2 = 0. Suppose -2*i - 2 = -16. Calculate the greatest common factor of l and i.
1
Suppose t + 383 = -d + 6*d, -3*t + 6 = 0. Suppose 0*r + r = 4. Suppose 2*y = r*l + 30, 3*y = 2*l + 5 + 32. Calculate the highest common factor of y and d.
11
Let f(c) = c**3 - 2*c + 124. Let i be f(0). Let s = i + -119. Calculate the greatest common factor of 25 and s.
5
Let v = 102 + -72. Let h = 298 - 148. Calculate the greatest common factor of v and h.
30
Suppose -4*u + 832 + 268 = 0